+ 9*s**2 - 21*s**3 + 22*s**p + 9*s. What is o(-8)?
0
Let f(v) = 90*v**2 - 452*v + 5. Let t be f(5). Let b(g) = -2*g**2 - 13*g - 20. Give b(t).
-5
Let a(x) be the third derivative of -7*x**4/12 + 3*x**3/2 + 2*x**2 - 70. Let v(l) = -12*l + 8. Let d(h) = 5*a(h) - 6*v(h). Give d(-1).
-5
Let z be (-2)/6*-6 - -3. Suppose z*v + 2*v = -77. Let b = -11 - v. Let s(k) = k**2 + 13. Give s(b).
13
Let q(w) = w**2 - 3*w - 42. Let i be q(8). Let x(f) = -5*f**2 - 3*f + 7. Let n be x(i). Let y(b) = -8 - b - 4 + 2. Determine y(n).
-3
Let y(t) = -t + 41. Let m be y(29). Let k(f) = 7*f - 30 + 20 - 2*f + m. Determine k(-3).
-13
Suppose z + z = -14. Let q = -12 + 16. Let l(a) = -5*a**3 - 6*a**2 - 3*a + 3. Let u(k) = -3*k**3 - 3*k**2 - k + 1. Let g(n) = q*l(n) + z*u(n). Determine g(4).
1
Let a be (71 - (101 + -24))/(-1 + 0 + -1). Let k(d) = 2*d**2 + 5*d**2 + d - 9*d**2 + 4 - 1. Determine k(a).
-12
Let x(t) be the third derivative of -t**5/60 - t**4/24 - 7*t**3/6 + 1140*t**2 - 6*t. Give x(-3).
-13
Let m(g) = -g**2 - 9*g - 7. Let z = -8 + 11. Suppose f + 3*f + 12 = 0, -l - f = 0. Suppose -5*s + 6*r = l*r + 45, -z = -2*s - 3*r. What is m(s)?
11
Let t = 124 - 120. Let h(s) = 14*s - 13*s - 5 - 4*s + s**2. What is h(t)?
-1
Let d(p) = -12*p**3 - 241*p**2 - 22*p + 3. Let g be d(-20). Let m(s) = -s**3 + 42*s**2 + 45*s - 91. Give m(g).
-5
Let r(m) be the first derivative of -m**4/4 + 14*m**3/3 - 3*m**2 - 10*m + 8399. What is r(14)?
-94
Let f(x) = x**2 - 7*x + 9. Let u = 608 - 603. Give f(u).
-1
Let v(s) = -s**2 + 55*s - 753. Let p be v(27). Let i(l) = l - 2. Calculate i(p).
1
Let w = 52 - 48. Let m(a) = -3 - 18*a + 4*a + 11*a + w. Calculate m(3).
-8
Let k(s) = 7*s**2 + 3*s. Suppose -61 = -5*i + 3*a, -21 = -0*i - i + 5*a. Let b be i/(-22) - 9/6. Give k(b).
22
Let z(j) = -j**3 - 16*j**2 - 16*j + 23. Let d(v) = -v**3 + 12*v**2 - 47*v + 39. Let k be d(2). Give z(k).
38
Suppose -3*a = 7*a - 110. Let x(d) = -4*d + 38. Let l be x(a). Let i(t) = -t**3 - 5*t**2 + 5*t - 13. Calculate i(l).
-7
Suppose 2*x - 4*l = 0, -4*x - 4*l + 5*l + 14 = 0. Suppose x*s = -3 + 23. Suppose 0 = -2*c + s*v + 33, v = -3*v - 20. Let r(g) = g**2 - 2*g - 1. Calculate r(c).
7
Let q be 5 + -8 + 6*59. Let u = q - 344. Let l(f) = -4*f**3 + 5*f**2 - 6*f - 13. Let m(k) = -k**3 - k**2 - k - 1. Let s(d) = l(d) - 3*m(d). Give s(u).
18
Let q be ((252/16)/(-7))/((-2)/8). Let m(k) = k + 14*k**2 - k**3 - 2 + 3*k - 7*k - q*k**2. What is m(3)?
7
Let m(r) be the second derivative of -r**5/30 - 5*r**4/24 + 70*r**3/3 + 32*r + 1. Let u(y) be the second derivative of m(y). Determine u(-6).
19
Let v(f) = 13*f**2 + 9927*f - f**3 + 3*f**2 - 4 - 9922*f. Give v(16).
76
Let h(f) = 43*f**2 - 23*f**2 + f - 5064 + 19*f**3 - 6*f**3 + 5065 - 19*f**2. Let b = -3 - -2. Give h(b).
-12
Let x(l) be the first derivative of l**3/3 - l**2 - 46*l - 79. Let d be x(8). Let o(p) = p**2 - 3*p + 2. What is o(d)?
0
Let y(c) be the second derivative of c**5/20 + c**4/2 - 3*c**3/2 - 23*c**2/2 + 3*c + 210. Give y(-7).
-9
Let h(u) = -9*u - 10. Let w(m) = -4*m - 5. Let q(z) = -3*h(z) + 7*w(z). Let r = -58261 - -58256. Give q(r).
0
Let y(x) be the third derivative of x**6/120 + x**5/15 - x**4/8 - x**3/6 - 805*x**2. Calculate y(-6).
-55
Let q = 2 + -1. Let m = -229 - -607. Let x(l) = m + 4*l**3 - 3*l - 2*l - 379 + 6*l. Determine x(q).
4
Let r(y) = -2*y + 38. Let h be r(17). Suppose -4*w + 0 = -h*n - 4, -5*n - 3*w = -19. Suppose -n*t - 3*t = -3*t. Let j(k) = k + 5. What is j(t)?
5
Let g(n) = 5*n**2 + 6*n - 5. Let q be g(1). Let p(i) = -i**2 + 5*i - 5. What is p(q)?
-11
Let i(u) = -59*u**2 + 102*u**2 - 44*u**2 - 4*u + 12*u - 11. Give i(3).
4
Let v(u) be the first derivative of 23*u + 37*u**2 - 29*u - 35*u**2 + 104. Calculate v(4).
10
Let t(c) = 3*c**3 + 5 + 7 - 2*c**3. Let z = -780 - -771. Let v = -9 - z. Determine t(v).
12
Suppose -45 + 21 = 3*i. Let a(q) = -2*q. Let o(c) = -6*c - 12. Let x(h) = -2*a(h) + o(h). What is x(i)?
4
Let r(q) be the first derivative of q**4/4 + 7*q**3/3 + 5*q**2/2 + 2*q + 7557. Suppose -5 = y - 2. Let m = y - 3. Calculate r(m).
8
Let y = -13849 + 13852. Let z(m) = 3*m + 1. Let j(n) = -n - 1. Let l(p) = -9*j(p) - 4*z(p). What is l(y)?
-4
Suppose -35*q + 39*q = 0. Suppose q*s + 5*s = -3*s. Let h(m) = 7*m + 3*m - 8 - 9*m. Determine h(s).
-8
Let y(r) = r**2 - 59*r + 805. Let s be y(35). Let a(n) = -n**2 - 36*n - 27. Give a(s).
8
Suppose -3*i - 35 = -8*i - 5*w, -4*i + 25 = 3*w. Let l(d) = d**3 - 23797 + 5*d**2 - 8*d + 4*d - 2*d**3 + 23793. Calculate l(i).
-4
Let t(y) = -11*y + 12. Let l(d) = -12 - 9 + 28 + 0*d - 12 + 5*d. Let k(b) = -5*l(b) - 2*t(b). Give k(-1).
4
Let l = 6199 + -6198. Let u(x) be the first derivative of -37*x**2/2 + x - 1. Calculate u(l).
-36
Let r(b) = 5 - 36 + 13 + 6 + 10. Let p(t) = 4*t - 3. Let f(s) = p(s) - 6*r(s). Let w be (1/(-2))/(2/24). Determine f(w).
-15
Let z(t) = -5*t - 130. Let q be z(-26). Let m(d) = 8*d - 35 + q*d**2 + 9 + 11 + d**2. Determine m(-9).
-6
Let i(r) = -752 + 160 + 235 + 22*r. Give i(16).
-5
Let v(h) be the first derivative of h**4/4 + 5*h**3/3 - h**2 - 3*h + 1. Suppose 0 = 14*q - 16 + 112 - 12. What is v(q)?
-27
Let i(w) = -w**2 + 9*w - 1. Let r(p) = 2*p**3 + 4*p**2 + 7*p + 7. Let v be r(-2). Let z be v - (-6 - 7) - -2. Determine i(z).
7
Suppose -12*c + 1035 = 3*c. Suppose -30 = -64*r + c*r. Let f(l) = l**3 + 6*l**2 + 4*l - 4. What is f(r)?
-28
Let s(b) = -b**2 - b - 7. Let y(g) = -3*g - 11. Suppose 12 = -4*z + 4*r, r = -3*z - 2*r - 21. Let v be y(z). Suppose v*l = -l. Give s(l).
-7
Let h(p) = -1. Let u(t) = -2*t**2 - 3*t - 1. Let c be u(-3). Let k be c/45 - 212/18. Let y(s) = s + 4. Let l(f) = k*h(f) - 3*y(f). Give l(-2).
6
Suppose -r + 5*z + 16 = 0, 19*r - 24 = 14*r - 3*z. Let h(a) = -2*a**2 - 14*a + 8*a + 4 + 3*a**2 + 3*a. Give h(r).
22
Let j = -5 - 7. Let h be 2/6 - (-16)/j. Let d(c) = 260*c**3 + c**2 + c + 9. Let a(y) = -32*y**3 - 1. Let f(m) = -8*a(m) - d(m). What is f(h)?
3
Let l(i) = -26 + 12*i - 5*i**3 + 0 + 16 - 12*i**2. Let y(c) = -4*c**3 - 11*c**2 + 11*c - 8. Let a(x) = 5*l(x) - 6*y(x). What is a(5)?
-7
Suppose -a - 4 = 5*j - 9, 4*a = 2*j - 24. Let d(w) = -w**3 + 4*w**3 + 2 - w**3 - w + 2*w**j. Suppose -11 = 5*f - 1. What is d(f)?
-4
Let f(v) = -v**3 + 9*v**2 + 7*v - 3. Let j(w) = w**3 + 27*w**2 + 183*w + 23. Let g be j(-13). Calculate f(g).
-33
Let t be 2/((6 + 1)/14). Suppose 0 = -t*w - 0*l + 4*l + 32, -3*l - 6 = 3*w. Let o(h) = -h**2 + 6*h - 2. Determine o(w).
7
Let u(g) = 27*g - 64. Let l(c) = 22*c - 51. Let x(o) = -11*l(o) + 9*u(o). Calculate x(6).
-9
Let x = 81 + -77. Let m(s) be the second derivative of -1/4*s**4 - 1/2*s**2 + 1/20*s**5 - 5/6*s**3 + 26*s + 0. Give m(x).
-5
Let m(j) be the second derivative of j**4/12 - 17*j**3/6 + 9*j**2/2 - 1122*j. Calculate m(17).
9
Suppose 12*x + 6 = 14*x. Suppose 4*t - 4*k - 60 = 0, 8*k - 5*k = -x. Let m(d) = -d + t + 2*d - 28 + 7. Determine m(5).
-2
Let z(s) = 2*s + 5. Let f be 28 - 8/(-12)*-3. Let c be (-3)/(f/56 - (-4)/14). Let o be c + (-16)/(-56) + (-16)/7. Give z(o).
-7
Suppose -3*u = u - 4*g - 20, -u - 4*g = 0. Let k(s) = 0*s - 8*s**2 + 7*s**2 + 3*s + 1. Calculate k(u).
-3
Let b(c) = -2*c**3 + 44*c**2 - c - 20. Let q(m) = -3*m**3 + 84*m**2 - 3*m - 39. Let l(w) = -5*b(w) + 2*q(w). Give l(13).
9
Let f be (-174)/(-36) - (-3)/18. Suppose f*g - 13 + 18 = 0. Let u(m) = 7*m**2 - 2*m - 1. Determine u(g).
8
Let k(q) = q**3 - 2*q**2 + 9*q - 19. Let b(h) = h**3 - 2*h**2 + 14*h - 19. Let n(f) = -2*b(f) + 3*k(f). Calculate n(0).
-19
Let v be (1/(-3))/((-1)/(-30)). Let j(n) = 11*n + 101. Determine j(v).
-9
Let o(m) = m**3 + 6*m**2 - m - 3. Let c(k) = k**3 + 37*k**2 + 70*k + 7. Let d be c(-35). Suppose -7*a - d = 28. Determine o(a).
27
Let u(l) = -l**2 + 9*l - 1. Let g = -40 - -43. Suppose -4*k + g*c = -77, 0 = -3*k + 2*k - 5*c + 2. Suppose -2*z - 4*f = f - 8, 3*z - k = -5*f. What is u(z)?
-1
Let r(d) be the first derivative of -d**4/4 + 5*d**3 + d**2/2 + 10*d + 4055. What is r(15)?
25
Let k(t) = -t**3 - 6*t**2 + 6*t + 50. Let y be k(-6). Let q(d) = d**3 - 15*d**2 + 10*d - 7. What is q(y)?
-63
Let h(r) = -6 - 3*r + 3*r - 4*r**2 + 5*r**2 + r. Let g = -8 - -48. Suppose -10*d - g = 10. Calculate h(d).
14
Let x(s) = 10*s**2 + 3*s**3 - 4*s**3 + 10 - s + 3. Let g be ((-8 - 11) + (-732)/(-48))/(9/(-24)). Determine x(g).
3
Let l(y) = 3*y**2 - 10*y + 6